 50 is divided by t.
16
Let k be (-4)/10 + 221/65. Suppose 0*w = 5*w - k*i - 59, 0 = w - i - 13. Let s(f) = -3*f - 3. Calculate the remainder when w is divided by s(-2).
1
Suppose j + q = 7, 0 = 2*j + j - 3*q + 3. Suppose 0 = -m - 4*m - 10. What is the remainder when 22 is divided by 16/(-12)*j*m?
6
Let p(n) = n**3 - 5*n**2 - 4*n - 6. Suppose -2*j - j = -18. Let y be p(j). Calculate the remainder when 40 is divided by -35*(0 + y/(-15)).
12
Suppose -15 = 2*s - 7*s, -3*n + 6 = -4*s. Let c be (n/(-9))/(1/(-6)). Suppose -30 - 14 = -c*j. Calculate the remainder when 32 is divided by j.
10
Suppose -52 = -4*d - 0*d + 5*w, 3*w = 4*d - 52. What is the remainder when 61 is divided by d?
9
Let g(d) = d**2 + 28. Let f = -30 - -112. What is the remainder when f is divided by g(0)?
26
Let x(q) = -q**2 - 8*q - 4. Let l be x(-7). Let u(b) = 3*b - 2. Suppose 0 = -4*f + 35 + 41. What is the remainder when f is divided by u(l)?
5
Let m(b) = b**3 - 11*b**2 - 25*b + 18. Calculate the remainder when 152 is divided by m(13).
28
Let a(j) = j**3 + 8*j**2 + 8*j + 3. Let l be a(-7). Let t be (-2)/5 - l/10. Suppose t*p + 14 = 2*p. What is the remainder when 12 is divided by p?
5
Suppose 63 = f + g - 6*g, 5*f = 4*g + 273. What is the remainder when f is divided by 1/(-3) - (-55)/3?
17
Let z(p) = p**3 + 4*p**2 - 3*p + 3. Let c = -137 - -180. Calculate the remainder when c is divided by z(-4).
13
Suppose 0*v + 4*v + 4 = 0. Let s = 6 - v. What is the remainder when s is divided by 2?
1
Suppose -n = -3*n + 30. Suppose 0 = -5*w - 2 + 27. Suppose -3*s - 43 = 2*h - 121, -2*h = w*s - 134. What is the remainder when s is divided by n?
13
Suppose -3*v + 0*v = 3*a - 300, 3*a + 5*v = 308. What is the remainder when a is divided by 33?
30
Let v = 31 - -78. Calculate the remainder when v is divided by 14.
11
Let d = -57 + 29. What is the remainder when (18/(-4))/(3/d) is divided by 15?
12
Let s be -12 + -2 + 0 + 5. Let w be (-3)/9 + 6/s. Calculate the remainder when ((-1)/(-1))/w*-62 is divided by 21.
20
Let b be 5 + (-9)/3 - 0. Suppose -2*l = 2*y - 3 - 7, -b*y - 3*l = -13. Suppose y*p + 2*p - 52 = 0. Calculate the remainder when 24 is divided by p.
11
Suppose 2 = -0*u + u, 3*u + 8 = 2*x. What is the remainder when 40 is divided by x?
5
Let i be (-1 + 3)/(-1) - -34. Let o = -8 + i. Suppose -4*w + 68 - o = 0. What is the remainder when 20 is divided by w?
9
Let n(b) = 35 - 4*b**2 - 2*b**2 - 39 + 11*b + 5*b**2. What is the remainder when 9 is divided by n(10)?
3
Let y(t) = 5*t**3 - t**2 + 2*t - 1. Let p(r) = -r**2 - r + 2. Calculate the remainder when y(1) is divided by p(0).
1
Suppose u = -1, 4*m + 4*u = -0*m + 32. Let c = -9 + m. Suppose c = -2*z - 7 + 33. Calculate the remainder when 51 is divided by z.
12
Suppose -2*c + 36 = 2*z - 0*c, 10 = 5*c. What is the remainder when 63 is divided by z?
15
Let i = 1 - -2. Let j be (3 - 3) + 2/2. Calculate the remainder when 4 - 1 - (j + -2) is divided by i.
1
Let p(o) = -o + 55. Calculate the remainder when p(-14) is divided by 18.
15
Let l(i) = i + 12. What is the remainder when 89 is divided by l(11)?
20
Suppose -21 + 20 = -u. What is the remainder when u is divided by 1?
0
Let y = 13 - 11. Let z(t) = -5*t**3 - 2*t**2 + t. Let b be z(-2). Suppose -o = 2*g + 3*o - b, -y*o - 3 = -g. Calculate the remainder when 34 is divided by g.
7
Suppose -8*r + 2*r + 120 = 0. Let a(u) = -u**3 + u + 38. Calculate the remainder when a(0) is divided by r.
18
Let q = -4 + 1. What is the remainder when 29 is divided by -2*(-10)/4 - q?
5
Let a be (-4)/(-2) + (7 - 7). Suppose -2*s - 3 = s, a*v = s + 57. Calculate the remainder when v is divided by -20*(1/(-2) + 0).
8
Suppose 0*a - 24 = -a. Suppose -2*r - 2*r + 286 = 3*w, -r + 62 = -4*w. Calculate the remainder when r is divided by a.
22
Let k(i) = -i**3 + 3*i**2 - 1. Let b be k(2). Suppose -b = -3*w + 15. Calculate the remainder when 23 is divided by w.
5
Let x(s) = -s**2 + 10*s + 2. Let c(w) = 2*w - 3. What is the remainder when x(8) is divided by c(5)?
4
Let j = -2 - 3. Let p = j + 29. Suppose 0 = -2*o - 2*o + 52. What is the remainder when p is divided by o?
11
Let o(m) = 3*m**2 + m + 6. Let s be o(-5). Suppose -4*l + s = -0*l. Suppose -g + j = -3*g + 38, -j - l = -g. What is the remainder when g is divided by 7?
5
Let b(u) = -4*u**3 + u**2 - u - 1. Let n be b(-1). Let t = n + 26. Suppose 25 = 4*m - 4*v - 7, -2*m + 16 = 4*v. Calculate the remainder when t is divided by m.
7
Suppose 54 = 5*s + 4*c - 22, 0 = 3*s + 2*c - 46. Suppose 2*r = s + 4. Calculate the remainder when 18 is divided by r.
8
Suppose -4*s = -137 + 25. Calculate the remainder when s is divided by 10.
8
Let j(r) = r. Let p(g) = g**3 + 12*g**2 + 10*g - 4. Let t(i) = -4*j(i) - p(i). Calculate the remainder when t(-11) is divided by 13.
11
Let k(n) = 5*n**2 + 0 - 1 - 2*n - 2. Let t = 19 - -21. What is the remainder when t is divided by k(-2)?
19
Suppose -10 = -3*s + 11. Let l = s + 25. Let a = -20 + l. What is the remainder when 34 is divided by a?
10
Let i = 13 + -13. Suppose -2*u + 15 + 23 = i. What is the remainder when 73 is divided by u?
16
Let p(c) = 3*c**2 - 13*c - 6. Let j(f) = 5*f**2 - 26*f - 13. Let q(r) = -4*j(r) + 7*p(r). What is the remainder when 201/7 - 4/(-14) is divided by q(-13)?
9
Let c(i) = 2*i**3 - i**2. Suppose 0 = -2*q + 3 - 1. What is the remainder when c(q) is divided by (5/(15/(-6)))/(-2)?
0
Let b(v) be the third derivative of -v**4/4 + 5*v**3/3 + 2*v**2. What is the remainder when b(-8) is divided by 15?
13
Suppose 9 = 2*n - 3. Suppose -n*z = -3*z - 15. Calculate the remainder when z is divided by 4.
1
Let s(h) = -h**2 - 5*h + 4. Let r be s(-6). Suppose y - 2 = -0. Calculate the remainder when 4 - -2*(-1)/r is divided by y.
1
Let n(w) = -w**2 + 13*w - 2. Calculate the remainder when 65 is divided by n(9).
31
Let n = 310 - 217. What is the remainder when n is divided by 24?
21
Let k = 25 + -23. Let n = -2 + 3. Suppose -k*v - n + 3 = 0. Calculate the remainder when v is divided by 1.
0
Suppose 0 = 6*r - 3*r + 24. Let s be (-3)/(1*(-3)/r). Let i = 5 - s. What is the remainder when 37 is divided by i?
11
Let a = 8 + -5. Suppose -m = 2*g - 37, a*m = 5*g + 24 + 76. Suppose 7*s - 49 = 14. Calculate the remainder when m is divided by s.
8
Let y = 131 + -52. Calculate the remainder when y is divided by 21.
16
Suppose -3*b + 8 = 2*u, -26 = -0*u - 3*u - b. What is the remainder when u is divided by 9?
1
Let p(r) = -7*r**2 - 3*r + 5. Let j(s) = -6*s**2 - 4*s + 5. Let c(f) = -5*j(f) + 4*p(f). Calculate the remainder when c(-7) is divided by ((-2)/(-4))/(2/52).
11
Let g be (-2)/2*(-1 - 0). What is the remainder when 35 is divided by -10*g*-1 + -1?
8
Let c = -40 - -79. Suppose 0 = 2*v - 5*r - 44, -c + 11 = -4*v - 5*r. Let w(h) = h**3 + 2*h**2 - 4*h + 1. Calculate the remainder when w(3) is divided by v.
10
Let o be (12/9 - 1)*-39. Let t = 5 + o. Calculate the remainder when (20/t)/(3/(-30)) is divided by 13.
12
Calculate the remainder when 11 is divided by 9 - -3*(-2 - -1).
5
Let f = -11 + 18. Calculate the remainder when f is divided by (((-12)/9)/(3/(-18)))/2.
3
Suppose -u + 0 = -2. Let y be ((-2)/5)/(u/10). What is the remainder when 8 is divided by (y/(-1))/((-2)/(-3))?
2
Let b(s) = 2*s**2 + 1. Let u be b(-1). Suppose 2*k - u*k - 2 = -2*p, -p + 8 = -4*k. What is the remainder when ((-8)/(-3))/(k/(-21)) is divided by 15?
13
Suppose 2*d + 5 = 5*v, d + 3*v + 35 = 6*d. Suppose 0 = 5*i + 2*y - d, -29 = -i - 0*i + 5*y. Suppose i*a - 33 = a. What is the remainder when 21 is divided by a?
10
Suppose 2*s - f - 136 = 0, -5*s - 4*f + 334 = -5*f. Calculate the remainder when s is divided by 17.
15
Suppose 0 = 5*v - 39 - 6. Suppose -h + 132 = 3*h. Calculate the remainder when h is divided by v.
6
Suppose 10*w - 5*w - 15 = 0. What is the remainder when 8 is divided by w?
2
Calculate the remainder when 50 is divided by ((-6)/(-12))/(1/28).
8
Calculate the remainder when (-28)/(-1) - (-2 + -1) is divided by 16.
15
Let v be -2*((2 - 0) + 6). Suppose 82 = 3*u + 5*t, -50 = -u + t + 3*t. Let o = v + u. What is the remainder when 34 is divided by o?
16
Let l(k) = 22*k**3 - 2*k**2 - k + 2. Calculate the remainder when l(1) is divided by 12.
9
Suppose -31 = -5*i + 4*i. Suppose -4*m + 102 = -m. Suppose 3*c - 5*c = -m. What is the remainder when i is divi